*u - 2906. What is h(52)?
162
Let q(n) = n**3 - 50*n**2 + 267*n - 143. Calculate q(44).
-11
Let m(g) = -g**2 - 23*g - 18. Give m(-21).
24
Let d(f) = f**3 - 16*f**2 + 4*f - 45. Determine d(16).
19
Let b(w) = w**3 - 50*w**2 - 277*w + 94. Determine b(55).
-16
Let g(m) = -439*m - 7019. Give g(-16).
5
Let o(v) = v**2 + 36*v + 313. Calculate o(-26).
53
Let l(i) = i**3 + 424*i**2 + 33495*i - 8. Determine l(-319).
-8
Let c(i) = 2*i**2 + 20*i + 19. Give c(-9).
1
Let u(v) = v**3 + 24*v**2 - 84*v - 875. What is u(-26)?
-43
Let b(c) = -c**2 - 87*c + 1548. What is b(15)?
18
Let q(m) = 2*m**3 - 3*m**2 + 8*m - 19. Give q(3).
32
Let l(g) = -2*g**3 - 7*g**2 + 49*g + 158. Give l(-4).
-22
Let n(k) = -k**2 + 32*k - 56. Give n(2).
4
Let h(o) = -6*o**3 + 3*o**2 + 3*o - 6. Calculate h(-2).
48
Let a(f) = 312*f - 4946. Give a(16).
46
Let w(v) = -2*v**3 + 59*v**2 - 129*v - 147. What is w(27)?
15
Let y(s) = s**2 - 197*s - 1418. Calculate y(-7).
10
Let m(o) = 49*o + 191. Give m(6).
485
Let h(o) = -o**3 + 8*o**2 + 42*o - 22. Determine h(12).
-94
Let a(p) = -10*p**2 - 197*p - 994. Determine a(-9).
-31
Let m(y) = -34*y - 390. Give m(-11).
-16
Let r(o) = o**2 - 28*o + 182. What is r(17)?
-5
Let p(m) = 2*m**2 - 93*m + 169. What is p(45)?
34
Let g(d) = -8*d**2 - 39*d + 16. What is g(-6)?
-38
Let t(s) = 155*s - 1205. Determine t(8).
35
Let v(b) = -1350*b + 91808. Give v(68).
8
Let l(p) = -p**2 - 30*p + 12. What is l(-30)?
12
Let y(h) = 27*h + 162. Give y(-6).
0
Let b(t) = -27*t + 576. What is b(18)?
90
Let o(j) = -j**2 + 22479*j - 5. What is o(0)?
-5
Let s(u) = 89*u + 1592. Determine s(-18).
-10
Let x(b) = b**3 + 2*b**2 + 9*b - 68. Give x(7).
436
Let y(m) = -2*m**3 + 2*m**2 - 21*m + 6. What is y(4)?
-174
Let l(m) = 31*m - 424. Calculate l(23).
289
Let x(d) = -53*d + 205. What is x(9)?
-272
Let w(a) = 7*a**2 + 24*a - 69. Determine w(2).
7
Let a(i) = -i**3 - 9*i**2 - 25*i - 14. Give a(-6).
28
Let j(l) = -l**2 - 142*l + 916. Calculate j(6).
28
Let g(c) = 14*c**2 - 575*c - 28. What is g(41)?
-69
Let x(i) = -i**2 + 42*i - 290. What is x(46)?
-474
Let c(r) = r**2 + 38*r + 251. Determine c(-30).
11
Let l(k) = -354*k + 43537. Determine l(123).
-5
Let c(r) = -r**2 + 114*r + 595. Determine c(119).
0
Let t(f) = f**2 + 43*f - 347. Give t(-64).
997
Let k(l) = -2*l**2 + 40*l + 124. Give k(16).
252
Let b(u) = 134*u + 392. What is b(-3)?
-10
Let p(d) = -2*d**3 - 45*d**2 + 796*d + 481. Give p(-34).
5
Let v(b) = -607*b + 1267. What is v(2)?
53
Let m(n) = -18*n - 1513. Calculate m(-7).
-1387
Let s(m) = -28*m + 481. Calculate s(34).
-471
Let i(g) = 1257*g + 12572. Calculate i(-10).
2
Let y(f) = 89*f + 1422. Determine y(-16).
-2
Let n(o) = o**3 + 9*o**2 - 18*o - 89. What is n(-10)?
-9
Let y(i) = 7*i - 212. Determine y(24).
-44
Let u(a) = -28*a + 457. Give u(16).
9
Let o(i) = -i**3 + 75*i**2 - 1097*i - 120. What is o(55)?
45
Let w(q) = 8*q**3 + q**2 - 8*q - 54. Calculate w(-4).
-518
Let u(n) = n**3 + 3*n**2 - 12*n - 4. What is u(-5)?
6
Let q(j) = j**3 - 8*j**2 - 61*j + 445. What is q(6)?
7
Let q(h) = 2*h**2 + 19*h + 68. What is q(-5)?
23
Let u(z) = 36*z - 76. Calculate u(3).
32
Let h(k) = k**3 - 26*k**2 + 79*k - 735. Calculate h(24).
9
Let g(l) = -l**2 - 31*l + 496. What is g(12)?
-20
Let h(i) = -15*i**2 + 3*i - 5. Give h(-4).
-257
Let g(j) = j**2 + 8*j + 1. What is g(7)?
106
Let u(z) = 35*z - 995. Determine u(21).
-260
Let u(y) = -2*y**3 + 12*y**2 + 44*y - 7. Give u(-3).
23
Let c(o) = o**3 - 50*o**2 - 8*o + 369. What is c(50)?
-31
Let u(v) = -v**3 - 30*v**2 + 32*v + 42. Give u(-31).
11
Let k(c) = 21*c + 453. Give k(-20).
33
Let c(v) = -352*v + 7419. Calculate c(21).
27
Let s(i) = 10*i**2 - 77*i - 17. Calculate s(7).
-66
Let t(z) = 2*z**2 + 96*z + 936. Calculate t(-35).
26
Let y(x) = x**2 - 65*x + 1021. What is y(27)?
-5
Let y(k) = -2*k**2 + 68*k + 195. What is y(-3)?
-27
Let h(i) = i**3 - 27*i**2 + 17*i + 29. What is h(26)?
-205
Let f(n) = -n**3 - 15*n**2 + 50*n - 73. Calculate f(-18).
-1
Let h(a) = 43*a + 475. What is h(-11)?
2
Let d(k) = -2*k**2 + 76*k - 534. What is d(10)?
26
Let r(d) = 112*d + 19158. What is r(-171)?
6
Let w(u) = -u**3 + 13*u**2 - 128*u - 320. Determine w(-2).
-4
Let n(q) = -q**2 - 147*q - 4091. Calculate n(-37).
-21
Let w(l) = -l**3 - 15*l**2 + 127*l - 6. What is w(-21)?
-27
Let l(j) = 8*j**2 + 99*j - 56. Give l(-13).
9
Let n(o) = -o**3 + 9*o**2 + 8*o - 13. What is n(6)?
143
Let o(t) = 3*t**3 - 115*t**2 - 160*t + 7527. Determine o(38).
3
Let k(h) = 7*h**2 + 132*h - 9. Calculate k(-18).
-117
Let h(u) = -7*u**3 + 870*u**2 - 259*u + 1361. Calculate h(124).
-3
Let x(f) = -15*f**2 + 156*f + 155. Calculate x(-1).
-16
Let o(i) = -87*i - 54. Give o(5).
-489
Let k(s) = 47*s + 1022. Give k(-20).
82
Let l(s) = -48*s + 13. Give l(-1).
61
Let r(z) = z**2 + 19*z - 829. Determine r(21).
11
Let f(w) = 328*w - 5256. Give f(16).
-8
Let k(j) = 2050*j - 8204. Give k(4).
-4
Let v(f) = -21*f**3 + 5650*f**2 - 264*f - 1345. Calculate v(269).
0
Let n(a) = -a**3 + a**2 - 17*a + 13. What is n(0)?
13
Let v(a) = a**2 + 33*a - 190. Determine v(5).
0
Let s(p) = -2*p**2 + 70*p - 495. Calculate s(21).
93
Let g(q) = 838*q - 7536. Calculate g(9).
6
Let u(h) = -28*h**2 + 1092*h - 30. Give u(39).
-30
Let s(g) = g**3 - 16*g**2 - 24*g + 100. Determine s(17).
-19
Let l(t) = t**2 - 1941*t + 11615. Give l(6).
5
Let x(u) = -53*u**2 - 1542*u - 114. Determine x(-29).
31
Let f(n) = -24*n**2 + 129*n - 131. Give f(4).
1
Let q(l) = -l**3 + 79*l**2 - 1318*l - 42. Calculate q(24).
6
Let l(u) = -u**3 + 52*u**2 - 26*u - 1110. Calculate l(51).
165
Let r(o) = -61*o + 1217. What is r(9)?
668
Let k(s) = s**2 + 122*s - 12438. Calculate k(66).
-30
Let p(z) = -z - 61. Determine p(-33).
-28
Let z(j) = 9*j - 358. Determine z(37).
-25
Let r(g) = 7*g**2 + 1230*g - 1231. Give r(1).
6
Let n(b) = b**3 - 8*b**2 - 7*b - 18. Give n(10).
112
Let q(z) = 63*z - 996. Give q(16).
12
Let v(c) = -7*c + 256. Determine v(-66).
718
Let s(r) = -2*r**2 - 467*r - 27056. What is s(-127)?
-5
Let k(n) = 160*n + 19. What is k(-1)?
-141
Let q(j) = -j**2 + 98*j - 372. Give q(4).
4
Let d(m) = -93*m - 105. What is d(-2)?
81
Let y(t) = -t**3 + 9*t**2 + 285*t - 2983. Give y(12).
5
Let r(n) = -8*n**2 - 12*n + 17. Calculate r(1).
-3
Let a(t) = 69*t + 8925. Determine a(-129).
24
Let c(q) = 38*q - 171. Calculate c(4).
-19
Let j(y) = -3242*y + 249638. Give j(77).
4
Let s(i) = i**2 + 11*i - 36. Give s(-10).
-46
Let p(o) = -o**3 + 35*o**2 - 347*o + 17523. What is p(38)?
5
Let a(n) = -2*n**2 + 349*n + 8065. Determine a(195).
70
Let m(h) = 5*h**3 + 158*h**2 + 620*h - 45. Calculate m(-27).
-18
Let q(s) = s**2 + 4*s. What is q(0)?
0
Let b(j) = -11*j**2 + 309*j - 32. What is b(28)?
-4
Let x(l) = -30*l**2 + 48*l + 5. Give x(2).
-19
Let s(j) = j**2 - 22*j + 155. What is s(16)?
59
Let o(p) = -20*p**2 + 100*p + 273. Give o(7).
-7
Let j(o) = -716*o + 2219. What is j(3)?
71
Let m(q) = q**3 + 46*q**2 - 44*q + 175. Give m(-47).
34
Let y(l) = -2*l**2 + 356*l + 7479. Determine y(197).
-7
Let s(q) = -q**3 - 65*q**2 - 58*q + 283. Give s(-64).
-101
Let d(h) = h**3 - 30*h**2 + 95*h + 106. What is d(26)?
-128
Let c(a) = 2023*a + 89001. What is c(-44)?
-11
Let c(m) = -12*m**2 + 10*m + 7. Calculate c(-1).
-15
Let b(v) = v**3 + 50*v**2 + 40*v - 47. Give b(-49).
394
Let c(v) = -2*v**3 - 19*v**2 + 16*v + 34. What is c(-10)?
-26
Let l(i) = 15*i + 140. Give l(-9).
5
Let m(o) = 2*o**2 - 1770*o + 12293. Calculate m(7).
1
Let r(w) = -w + 3. Calculate r(-29).
32
Let u(d) = 73*d - 4197. Determine u(58).
37
Let q(o) = -o**3 - 7*o**2 - 23*o - 74. What is q(-4)?
-30
Let o(d) = -d**3 + 8*d**2 + 3. Calculate o(0).
3
Let y(a) = a**2 - 97*a + 1419. What is y(16)?
123
Let y(d) = -2*d - 67. Calculate y(-26).
-15
Let o(h) = -h**3 + h**2 + 16*h - 31. Determine o(4).
-15
Let y(r) = -3*r**2 + 49*r - 141. Give y(3).
-21
Let t(o) = -141*o + 315. Calculate t(2).
33
Let g(w) = -w**3 - 39*w**2 + 42*w + 24. Give g(-40).
-56
Let v(k) = -851*k + 9358. What is v(11)?
-3
Let c(u) = -793*u + 15913. Give c(20).
53
Let o(y) = 41*y**2 - 427*y + 72. Determine o(10).
-98
Let k(o) = 66*o - 32. What is k(5)?
298
Let n(q) = 21*q - 2077. What is n(102)?
65
Let g(k) = k**2 + 58*k + 56. What is g(-1)?
-1
Let x(n) = n**2 - 128*n - 1688. What is x(-12)?
-8
Let s(j) = j**3 + 3*j**2 - 15*j + 16. Calculate s(-7).
-75
Let r(x) = 317*x**2 + 1